e
Suppose -a = 2*f + a + 18, 5*a = 5*f + 5. Is (-5)/2*124/f a prime number?
False
Suppose -5*w - 5*g + 285 = 0, -2*w - g + 105 = 4*g. Suppose w = y - 151. Is y composite?
False
Let m = -7 + 7. Suppose m = 3*r, 4*r = -s + 7 + 4. Is s prime?
True
Let l be ((-4)/24)/((-2)/12). Let i(n) = -l - 2 + 5*n + 0 - 15*n. Is i(-7) a composite number?
False
Is (-4)/18 - (-66140)/36 prime?
False
Let y be 1 - (4 - 1) - -367. Suppose -2*j - 2*o = 14, -2*j = 3*j + 3*o + 29. Is 4/(-16) - y/j composite?
True
Suppose -3 = -5*a + 12. Is (42/(-28))/(a/(-44)) a prime number?
False
Let r(l) = -l**2 - 13*l - 9. Is r(-5) a composite number?
False
Let u = -6 - -40. Suppose 3*q = q + u. Let b = q + 17. Is b a prime number?
False
Suppose 2*y = g + 9227, 2*g = 2*y + 3*y - 23067. Is y a composite number?
True
Is (-208)/(-6) + 28/(-42) prime?
False
Let g = -8 + 12. Suppose g*j - 1465 = -j. Is j a composite number?
False
Let g be (18/(-15))/1*5. Is (-208)/g - (-3)/9 a prime number?
False
Let d = -3 - -8. Let t(v) = -2*v**2 - 5*v - 3. Let f be t(d). Is (f/15)/((-4)/10) a composite number?
False
Let j(y) = -6*y + 18. Let f(u) = 2*u - 6. Let r(m) = 16*f(m) + 5*j(m). Let g be r(5). Suppose -2*b + g*d - 2 = -0, 5*d - 19 = -3*b. Is b prime?
True
Suppose -2*s = 55 - 209. Is s composite?
True
Suppose -s = -6*s + 95. Is s a composite number?
False
Suppose 3*i = 16663 - 748. Is i composite?
True
Suppose -227 = -6*p + 1027. Is p prime?
False
Let l be (-18)/(-14) - (-4)/(-14). Let p be l/4 - (-33)/12. Suppose 2*d = 4*h - 3*h - 2, -p*h + d = -16. Is h prime?
False
Let k(f) = -f**3 - 9*f**2 - 11*f + 7. Let w(c) = -c**3 - 2*c**2 + 5*c + 6. Let x be w(-4). Let v = 10 - x. Is k(v) composite?
False
Let y be (-2 - -3)/2*-1162. Let k = y + 2800. Is k composite?
True
Let r(y) = -6*y**3 + 2*y**2 + y + 7. Is r(-4) composite?
False
Suppose -3*s - 20 = 4*z - 491, -5*z = -4*s - 581. Let x = 206 - z. Is x composite?
False
Let y = 1 - 19. Let s = y - -31. Is s a prime number?
True
Let a = 6 + -4. Suppose -4*u - 471 = -a*x - 5*u, -4*x + 927 = -u. Is x prime?
True
Suppose 0*f + 5*g - 4233 = -f, 0 = 3*f - 3*g - 12627. Is f a prime number?
False
Let p = 1246 - 689. Is p a composite number?
False
Is (4/3 + -1)*4719/13 a composite number?
True
Let o(j) be the third derivative of 151*j**4/12 - j**2. Let c be o(2). Suppose 4*y - c = -4*r, 5*r = y + 2*r - 143. Is y prime?
True
Let b be (-10)/(-3) + 6/9. Let l = b + 0. Is (66/24)/(1/l) composite?
False
Let t = 18 + -23. Let d(o) = -o**3 + 2*o**2 + 4*o + 3. Is d(t) a composite number?
True
Let r(u) = u**3 - u**2 - 21*u + 11. Is r(10) composite?
False
Suppose r = 10 + 67. Suppose -q - 2*q - 4*g + 109 = 0, 4*g = 3*q - r. Is q prime?
True
Let k = -3 - -38. Is k composite?
True
Let a(g) = g**2 - 9*g + 4. Let c be a(9). Let d(t) = 2*t**2 - 3 + 4 - 5*t + 3*t. Is d(c) a composite number?
True
Let x be 3*(2 - 8/6). Let n be x/7 + 24/14. Suppose 5*k = n*r - 86, 2*k + 2*k = -16. Is r a composite number?
True
Let b be (0 - -46)*32/(-8). Let z = -65 - b. Is z a prime number?
False
Let w be (-60)/(-6) - (-1 + 3). Let z = -20 + w. Let t = z - -38. Is t a prime number?
False
Let f be 73/1 + 2 + 3. Is -1 + f*1*1 a composite number?
True
Let v(a) = a**3 - 5*a**2 + 6*a - 6. Let d be v(4). Suppose -4*k + 0*o - 3*o = -427, -5*k + 528 = -d*o. Is k a composite number?
True
Let q be 192 - (-1 + 0/(-4)). Suppose -3*u + 2*r = 4*r - q, 5*u - 347 = 3*r. Is u a prime number?
True
Let w be 2 + 1 + 1 + -2. Let n be -2*((-453)/(-6) - w). Let m = n - -278. Is m a prime number?
True
Let m be ((-12)/(-7))/((-4)/(-84)). Suppose 0*z - 125 = 5*z. Let x = z + m. Is x composite?
False
Suppose 50 = 5*h + 5*m, 2*m - 10 = -0. Suppose -2*y = 5*v - 107 - 54, 68 = y + h*v. Is y composite?
True
Suppose -25084 + 68989 = 15*g. Is g composite?
False
Suppose 929 + 177 = 2*b. Is b a composite number?
True
Is (-9)/((-9)/10) - 3 a composite number?
False
Suppose -4*g = 5*w - 303, -5*g + 5*w = -20 - 325. Suppose -g - 82 = -2*m. Is m a prime number?
False
Let u = 8 + -14. Let l(m) = 3*m**2 + 11*m - 20*m - 2*m**2 - 1 - 2. Is l(u) a prime number?
False
Let b(f) = 6*f**2 + 3*f + 3. Let c = 1 + -5. Is b(c) prime?
False
Let q(s) = 45*s - 7. Is q(14) a composite number?
True
Suppose 5*j + 5*r + 71 = 1, r = 5*j + 64. Suppose -2*h + k = -51 + 6, k - 95 = -5*h. Let m = h + j. Is m prime?
True
Suppose 5*o + 5*l = 1135, o + 0*o - 5*l = 203. Is o a prime number?
True
Let i be (-2)/(-9) - 2/9. Suppose 3*t - 2 + 50 = i. Is (-588)/t - (-1)/4 a composite number?
False
Let t(j) = 17*j**2 - j. Let o be t(-1). Suppose -4*i + 7*i - o = 0. Is (75/i)/(1/2) composite?
True
Let m = -3 - -4. Is 46 + 5 - (m - 3) a composite number?
False
Suppose -2*z + 4536 = z. Is -1 + 0 + z/6 composite?
False
Is (-2 - 3)*(-1 + -4) composite?
True
Suppose 4*c - c - 105 = 0. Is c a composite number?
True
Let v = 124 + 4. Let a = v - 39. Is a prime?
True
Let j be -4 - 1/1*-1. Suppose 0*y - 36 = 4*y. Is j*(1 - (-120)/y) a composite number?
False
Let g(a) = 42*a - 46. Is g(22) a prime number?
False
Suppose 5*p + 2*f = 685, 4*p + f - 68 - 480 = 0. Let x(b) = b**3 - 10*b**2 - 5*b - 4. Let g be x(10). Let k = p - g. Is k a prime number?
True
Let p be -1 - (-2 - (-1 + 0)). Suppose -b + 2*b + 72 = d, p = -2*b + 10. Is d a prime number?
False
Let r be (-141)/(-27) + (-4)/18. Suppose 4*a + q = 195, -6*a + 4*a + 2*q + 110 = 0. Suppose r*o = 3*o + a. Is o a composite number?
True
Let j = 59 - 22. Is j prime?
True
Suppose 3*i + 12 = 3. Let s(l) = 9*l**2 + 2*l. Let f(r) = -18*r**2 - 5*r - 1. Let j(v) = 4*f(v) + 9*s(v). Is j(i) a composite number?
False
Let j be 3/(-2)*(-1494)/27. Suppose 3*f - j - 364 = 0. Is f composite?
False
Suppose 4*z + 3 = -1, -3*z = 5*x - 17. Suppose 0 = -x*o - 26 + 2. Is ((-3)/o)/(2/308) prime?
False
Let l(c) = -c**3 - c + 1. Let q(s) = -s**2 + 20. Let k(b) = l(b) + q(b). Let f(i) = -i**2 - 2*i + 3. Let d be f(-3). Is k(d) composite?
True
Let s(r) = 6*r**2 + 10*r - 27. Is s(-11) a prime number?
False
Let i = 4 - 8. Let w be (-4)/i*2/1. Suppose -w*p + 185 = 3*p. Is p prime?
True
Let o(m) = 184*m**2 + 2*m - 1. Is o(1) a prime number?
False
Suppose -2*m - 2155 = -3*m. Is m a prime number?
False
Let c be 6/(-9) + 586/6. Suppose 4*l - 176 = -4*r, 2*r - 20 - 20 = -l. Suppose -d = -l - c. Is d a prime number?
False
Let r = -2132 - -3789. Is r a prime number?
True
Let a = 4734 + -3111. Is a prime?
False
Let p(x) = 6*x**3 - x - 10. Is p(3) composite?
False
Suppose -3*y + 16 = 4*j, -j + 3*j = 2*y + 8. Suppose -2*w - 44 = -3*w + 3*b, 5*w - j*b = 231. Is w prime?
True
Suppose -4*o = g - 23 - 62, -g = 2*o - 77. Is g prime?
False
Let p(r) = -r - 1. Let v be p(-4). Let w be 15/v*(-4)/10. Let u = w - -11. Is u a prime number?
False
Let l(g) = -2*g - 7. Suppose -30 = 4*b - 2*p, -5*b - 4*p - 5 = 13. Let o be l(b). Is ((-115)/(-2))/(o/10) a composite number?
True
Let v = 2 + -2. Suppose -4*r + 16 = -2*d, v = -4*r - 5*d + 2*d + 6. Is r prime?
True
Let o(d) = 7*d**3 + d**2 + d + 2. Is o(3) composite?
True
Let i(v) = v - 2. Let x be i(3). Is (-1)/(x/(-54)) + -1 composite?
False
Suppose -2*b + l = -2113, 7 - 1 = -2*l. Is b a prime number?
False
Suppose 3*c + 33 = 3*p - 0*p, 0 = -p + 2*c + 13. Let f be p/(-6)*(-4)/3. Suppose -f*l + 3 + 1 = 2*d, -5*l - 10 = 0. Is d a composite number?
True
Is (-192)/(-14) + 4/14 a composite number?
True
Suppose 3*v + 4289 = 5*m, m + m - 1706 = -2*v. Suppose -5*y + m + 599 = 0. Is y a prime number?
False
Let b = 9 + -16. Is 11*(-3 + 1 - b) composite?
True
Suppose -2*o = 75 - 501. Is o a prime number?
False
Suppose -2*x + 3 = 11, -5*j + 2*x = -18. Suppose -4*o + 5*p = -9, -2*o + 7*o - 5*p - 10 = 0. Let w = j + o. Is w a prime number?
True
Suppose -3*u + 2294 = -6037. Is u a composite number?
False
Suppose h - 4824 = -1442. Suppose -3*r - 2*r + h = -w, -5*w = -3*r + 2016. Is r a composite number?
False
Let z = 65 - -4. Is z a prime number?
False
Suppose -5*m - 131 = -g - m, -3*g = -5*m - 386. Is g a composite number?
False
Suppose -2*w + 9819 - 1016 = 5*n, 4*n - 5*w = 7049. Is n a composite number?
True
Let d(z) = -12*z - 4. Let p be d(7). Let m = p + 137. Is m composite?
True
Suppose 26*l - 21*l = 6455. Is l a prime number?
True
Let s be (5/(-2))/((-3)/6). Suppose -7*x + 3*x - s*m = 113, 3*x = m - 99. Let w = x + 71. Is w a prime number?
